5393 prime?
False
Is 6932387213 composite?
False
Is 81918864305 prime?
False
Is 7400419303 composite?
True
Is 4610407363 prime?
False
Is 272820887 a composite number?
False
Is 5352478877 a prime number?
True
Is 2667764647 a composite number?
False
Is 5776431337 prime?
False
Is 186045941 a prime number?
True
Is 10430097173 a composite number?
True
Is 3391050029 a composite number?
True
Is 35092730503 prime?
True
Is 1203214651 prime?
True
Is 2341648571 a prime number?
True
Is 64454480477 prime?
True
Is 8222597891 composite?
False
Is 1840774277 composite?
False
Is 3065474987 prime?
True
Is 2920207207 a composite number?
False
Is 76045350811 composite?
False
Is 420615851177 prime?
True
Is 148651969 prime?
False
Is 233848067963 a composite number?
False
Is 98722529 prime?
True
Is 372432451 composite?
True
Is 72104913487 prime?
True
Is 21968618173 a composite number?
False
Is 711798793 a composite number?
False
Is 1486655759 a composite number?
False
Is 134491281449 a composite number?
True
Is 366082351 a composite number?
False
Is 354620569 a prime number?
False
Is 1481688177 composite?
True
Is 321995735 a composite number?
True
Is 5094374221 a composite number?
True
Is 2033506543 prime?
False
Is 204957683 composite?
True
Is 25582226437 prime?
False
Is 305459482 a prime number?
False
Is 286028863 a composite number?
True
Is 26586044461 a prime number?
False
Is 5974916261 prime?
True
Is 16216142759 a composite number?
True
Is 731588029 a composite number?
False
Is 667894649 composite?
False
Is 22225766603 composite?
True
Is 12780430411 a prime number?
False
Is 571234849 a prime number?
True
Is 157750687 a composite number?
False
Is 20107705906 prime?
False
Is 3823121287 composite?
True
Is 211118993581 a composite number?
False
Is 33369704587 composite?
True
Is 132415273 a composite number?
False
Is 4764601069 a prime number?
False
Is 18659933473 composite?
True
Is 11049091081 composite?
True
Is 62039766953 composite?
False
Is 984906422 a prime number?
False
Is 2130140381 composite?
False
Is 181238117 a prime number?
True
Is 381933029 a prime number?
True
Is 822745291 composite?
False
Is 29348792923 a composite number?
True
Is 12351651901 a composite number?
True
Is 410311309 a composite number?
False
Is 715705397 prime?
False
Is 42418253 composite?
True
Is 2112882589 composite?
False
Is 3663095537 a prime number?
False
Is 13699799077 prime?
True
Is 913952183 a composite number?
True
Is 158525922971 a composite number?
True
Is 15973688963 a prime number?
False
Is 260297383 a prime number?
True
Is 178156556381 a prime number?
False
Is 223258421 prime?
True
Is 8634803033 a prime number?
True
Is 434932091 composite?
True
Is 1849278979 composite?
True
Is 2295940433 a prime number?
False
Is 887920541 composite?
False
Is 1369204021 composite?
True
Is 80151455 prime?
False
Is 179330418535 composite?
True
Is 4315638358 a composite number?
True
Is 8513342993 a composite number?
True
Is 24173239399 prime?
False
Is 39813960359 composite?
True
Is 1293811003 prime?
True
Is 3210794759 composite?
False
Is 1465543099 a composite number?
True
Is 1006170083 a composite number?
False
Is 1943047747 a composite number?
False
Is 27086743 prime?
True
Is 1302493979 prime?
False
Is 31412813 prime?
True
Is 24476279209 a prime number?
False
Is 8044620359 a prime number?
False
Is 5499379673 prime?
False
Is 979028873 composite?
True
Is 9123727 a composite number?
True
Is 115384747 prime?
True
Is 2789959157 prime?
True
Is 7670610127 a prime number?
False
Is 63652457 a composite number?
True
Is 146414594 a composite number?
True
Is 2680736251 composite?
True
Is 3222859229 a prime number?
True
Is 10668223919 prime?
False
Is 8831737829 a prime number?
False
Is 519749821 composite?
True
Is 3273914879 a composite number?
True
Is 619045043 a composite number?
True
Is 994360359 prime?
False
Is 42006875081 a composite number?
False
Is 442036369 a prime number?
True
Is 966775317 a prime number?
False
Is 15555065471 prime?
False
Is 466877339 a prime number?
True
Is 15156081547 a composite number?
False
Is 1642817395 a composite number?
True
Is 11381978911 prime?
False
Is 6617232827 composite?
False
Is 10662827731 a composite number?
True
Is 93371149811 a prime number?
False
Is 73928167 a prime number?
True
Is 2758161527 a prime number?
False
Is 52835222383 composite?
True
Is 46559733041 a prime number?
False
Is 97414297 a composite number?
True
Is 34214535601 prime?
False
Is 371747671 a composite number?
True
Is 16983341783 a prime number?
False
Is 465989983 prime?
True
Is 40070938711 a prime number?
True
Is 915054941 a composite number?
False
Is 812947909 a prime number?
True
Is 9645718499 a prime number?
True
Is 3554542919 prime?
True
Is 5567407361 a composite number?
False
Is 2613229331 composite?
True
Is 589966913 prime?
True
Is 2665383463 prime?
True
Is 51225013841 composite?
True
Is 13206570461 composite?
True
Is 82288429 composite?
False
Is 65709307777 a composite number?
False
Is 24054315977 prime?
True
Is 990709327 composite?
True
Is 161856347 composite?
False
Is 2512229189 prime?
True
Is 77112042977 a prime number?
True
Is 401960527 a composite number?
True
Is 24132556109 a composite number?
True
Is 977396698 prime?
False
Is 134718507217 a composite number?
True
Is 335051173 a composite number?
True
Is 2576326019 a prime number?
True
Is 3416613971 composite?
True
Is 726023693 composite?
False
Is 10721048441 composite?
True
Is 26885311339 prime?
True
Is 196883389585 prime?
False
Is 33051869701 composite?
True
Is 531653 a prime number?
False
Is 203403887 prime?
False
Is 393256867 a prime number?
False
Is 22364359 a prime number?
True
Is 1093571251 prime?
True
Is 463719017 prime?
False
Is 568340777 a prime number?
False
Is 2888183621 a prime number?
False
Is 189355385 a composite number?
True
Is 38664691501 a prime number?
True
Is 7362501421 prime?
False
Is 419594039 prime?
True
Is 40211955653 a composite number?
True
Is 551498881 a prime number?
True
Is 8796475829 composite?
False
Is 24667471 a composite number?
False
Is 3011857463 composite?
False
Is 20388613943 a composite number?
True
Is 3862801741 composite?
False
Is 23160114478 prime?
False
Is 3612431077 a composite number?
False
Is 35144500133 a prime number?
False
Is 31462263007 a composite number?
True
Is 786452897 prime?
True
Is 89434552379 a prime number?
False
Is 4136990219 a prime number?
True
Is 262035691 a prime number?
False
Is 327562937 composite?
True
Is 7322560633 a composite number?
True
Is 514343545 a composite number?
True
Is 62020545889 composite?
False
Is 18450196547 prime?
False
Is 137152973 a prime number?
True
Is 233380311259 a composite number?
False
Is 2289440267 composite?
False
Is 36004621 a composite number?
True
Is 34579248973 prime?
False
Is 5963993603 a prime number?
True
Is 578461063 prime?
False
Is 3435601721 a composite number?
True
Is 150883859 prime?
False
Is 245211836365 a composite number?
True
Is 5181961 composite?
True
Is 1232051969 composite?
True
Is 71239478273 a composite number?
False
Is 2112370069 a prime number?
False
Is 130634381 a prime number?
False
Is 10766474009 composite?
True
Is 3666261397 prime?
True
Is 60610913887 a prime number?
True
Is 278765719 composite?
True
Is 21531486121 a prime number?
False
Is 698148493 a composite number?
True
Is 2039958703 composite?
True
Is 91269443 a prime number?
True
Is 1714062443 prime?
True
Is 5015337049 a composite number?
True
Is 16051073 a composite number?
False
Is 588980379205 prime?
False
Is 20751427199 prime?
True
Is 133372552619 a composite number?
True
Is 13378278799 prime?
False
Is 6820672381 a composite number?
False
Is 39715387 a composite number?
True
Is 408509243 composite?
True
Is 330041119 a composite number?
False
Is 2075941867 a composite number?
False
Is 302709491 a composite number?
True
Is 1601757541 prime?
False
Is 117916410337 prime?
False
Is 19625839481 a prime number?
True
Is 1317579713 composite?
True
Is 21164499199 a composite number?
True
Is 36977328809 a composite number?
True
Is 35074200263 composite?
True
Is 36285417109 a prime number?
False
Is 2116308962 composite?
True
Is 310657031 a composite number?
True
Is 75429301 a prime number?
True
Is 4262335471 a composite number?
False
Is 2249052713 a prime numb